{"id":17,"date":"2014-12-21T08:24:41","date_gmt":"2014-12-21T08:24:41","guid":{"rendered":"http:\/\/avada.theme-fusion.com_demos\/fashion\/?page_id=17"},"modified":"2024-01-09T10:32:12","modified_gmt":"2024-01-09T09:32:12","slug":"interlocuteur","status":"publish","type":"page","link":"https:\/\/www.auris-conseils.com\/auris22a\/interlocuteur\/","title":{"rendered":"INTERLOCUTEUR"},"content":{"rendered":"<div class=\"fusion-fullwidth fullwidth-box fusion-builder-row-1 hundred-percent-fullwidth non-hundred-percent-height-scrolling fusion-equal-height-columns\" style=\"background-color: rgba(255,255,255,0);background-position: left top;background-repeat: no-repeat;padding-top:40px;padding-right:0px;padding-bottom:0px;padding-left:40px;margin-bottom: 0px;margin-top: 0px;border-width: 0px 0px 0px 0px;border-color:#eae9e9;border-style:solid;\" ><div class=\"fusion-builder-row fusion-row\"><div class=\"fusion-layout-column fusion_builder_column fusion-builder-column-0 fusion_builder_column_2_3 2_3 fusion-two-third fusion-column-first\" style=\"margin-top:0px;margin-bottom:20px;\"><div class=\"fusion-column-wrapper fusion-flex-column-wrapper-legacy\" style=\"background-position:left top;background-repeat:no-repeat;-webkit-background-size:cover;-moz-background-size:cover;-o-background-size:cover;background-size:cover;background-color:#000000;padding: 20px 20px 20px 20px;\"><div class=\"fusion-text fusion-text-1\"><h3 style=\"text-align: center;\"><span style=\"color: #ffffff;\"><br \/>\nVOTRE INTERLOCUTEUR :<\/span> <span style=\"font-size: 24pt; color: #e3e3e3;\"><em>SYLVAIN OREILLARD<\/em><\/span><\/h3>\n<p><img decoding=\"async\" class=\"alignnone size-full wp-image-79 aligncenter\" src=\"http:\/\/www.auris-conseils.com\/auris22a\/wp-content\/uploads\/2014\/12\/hr.png\" alt=\"\" width=\"54\" height=\"30\" \/><\/p>\n<ul>\n<li>\n<h3><span style=\"color: #ffffff; font-family: arial, helvetica, sans-serif; font-size: 18pt;\">Titulaire d\u2019un Dipl\u00f4me d\u2019Etudes Comptables et Financi\u00e8res (DECF)<\/span><\/h3>\n<\/li>\n<li>\n<h3><span style=\"color: #ffffff; font-family: arial, helvetica, sans-serif; font-size: 18pt;\">Titulaire d\u2019un Dipl\u00f4me d\u2019Etudes Sup\u00e9rieures et Sp\u00e9cialis\u00e9es dans le domaine de la planification patrimoniale (DESS)<\/span><\/h3>\n<\/li>\n<li>\n<h3><span style=\"color: #ffffff; font-family: arial, helvetica, sans-serif; font-size: 18pt;\">20 ann\u00e9es d\u2019exp\u00e9riences dans le domaine de la planification patrimoniale, principalement exerc\u00e9e au sein d\u2019un grand groupe d\u2019expertise comptable.<\/span><\/h3>\n<\/li>\n<\/ul>\n<\/div><div class=\"fusion-clearfix\"><\/div><\/div><\/div><div class=\"fusion-layout-column fusion_builder_column fusion-builder-column-1 fusion_builder_column_1_3 1_3 fusion-one-third fusion-column-last\" style=\"margin-top:0px;margin-bottom:0px;\"><div class=\"fusion-column-wrapper fusion-flex-column-wrapper-legacy\" style=\"background-position:left top;background-repeat:no-repeat;-webkit-background-size:cover;-moz-background-size:cover;-o-background-size:cover;background-size:cover;background-color:#171d49;padding: 0px 10% 0px 0px;\"><div class=\"fusion-column-content-centered\"><div class=\"fusion-column-content\"><div class=\"imageframe-align-center\"><span class=\" fusion-imageframe imageframe-none imageframe-1 hover-type-none fusion-animated\" style=\"border:2px solid #f6f6f6;\" data-animationType=\"slideInRight\" data-animationDuration=\"1.1\" data-animationOffset=\"top-into-view\"><img decoding=\"async\" width=\"1131\" height=\"1569\" title=\"sylvain2\" src=\"http:\/\/www.auris-conseils.com\/auris22a\/wp-content\/uploads\/2024\/01\/sylvain2.jpg\" alt class=\"img-responsive wp-image-2203\" srcset=\"https:\/\/www.auris-conseils.com\/auris22a\/wp-content\/uploads\/2024\/01\/sylvain2-200x277.jpg 200w, https:\/\/www.auris-conseils.com\/auris22a\/wp-content\/uploads\/2024\/01\/sylvain2-400x555.jpg 400w, https:\/\/www.auris-conseils.com\/auris22a\/wp-content\/uploads\/2024\/01\/sylvain2-600x832.jpg 600w, https:\/\/www.auris-conseils.com\/auris22a\/wp-content\/uploads\/2024\/01\/sylvain2-800x1110.jpg 800w, https:\/\/www.auris-conseils.com\/auris22a\/wp-content\/uploads\/2024\/01\/sylvain2.jpg 1131w\" sizes=\"(max-width: 800px) 100vw, 400px\" \/><\/span><\/div><\/div><\/div><div class=\"fusion-clearfix\"><\/div><\/div><\/div><\/div><\/div>\n","protected":false},"excerpt":{"rendered":"","protected":false},"author":1,"featured_media":0,"parent":0,"menu_order":0,"comment_status":"open","ping_status":"closed","template":"100-width.php","meta":[],"yoast_head":"<!-- This site is optimized with the Yoast SEO plugin v19.11 - https:\/\/yoast.com\/wordpress\/plugins\/seo\/ -->\n<title>INTERLOCUTEUR - AURIS<\/title>\n<meta name=\"robots\" content=\"index, follow, max-snippet:-1, max-image-preview:large, max-video-preview:-1\" \/>\n<link rel=\"canonical\" href=\"https:\/\/www.auris-conseils.com\/auris22a\/interlocuteur\/\" \/>\n<meta property=\"og:locale\" content=\"fr_FR\" \/>\n<meta property=\"og:type\" content=\"article\" \/>\n<meta property=\"og:title\" content=\"INTERLOCUTEUR - AURIS\" \/>\n<meta property=\"og:url\" content=\"https:\/\/www.auris-conseils.com\/auris22a\/interlocuteur\/\" \/>\n<meta property=\"og:site_name\" content=\"AURIS\" \/>\n<meta property=\"article:modified_time\" content=\"2024-01-09T09:32:12+00:00\" \/>\n<meta property=\"og:image\" content=\"http:\/\/www.auris-conseils.com\/auris22a\/wp-content\/uploads\/2014\/12\/hr.png\" \/>\n<meta name=\"twitter:card\" content=\"summary_large_image\" \/>\n<meta name=\"twitter:label1\" content=\"Dur\u00e9e de lecture estim\u00e9e\" \/>\n\t<meta name=\"twitter:data1\" content=\"2 minutes\" \/>\n<script type=\"application\/ld+json\" class=\"yoast-schema-graph\">{\"@context\":\"https:\/\/schema.org\",\"@graph\":[{\"@type\":\"WebPage\",\"@id\":\"https:\/\/www.auris-conseils.com\/auris22a\/interlocuteur\/\",\"url\":\"https:\/\/www.auris-conseils.com\/auris22a\/interlocuteur\/\",\"name\":\"INTERLOCUTEUR - AURIS\",\"isPartOf\":{\"@id\":\"https:\/\/www.auris-conseils.com\/auris22a\/#website\"},\"datePublished\":\"2014-12-21T08:24:41+00:00\",\"dateModified\":\"2024-01-09T09:32:12+00:00\",\"breadcrumb\":{\"@id\":\"https:\/\/www.auris-conseils.com\/auris22a\/interlocuteur\/#breadcrumb\"},\"inLanguage\":\"fr-FR\",\"potentialAction\":[{\"@type\":\"ReadAction\",\"target\":[\"https:\/\/www.auris-conseils.com\/auris22a\/interlocuteur\/\"]}]},{\"@type\":\"BreadcrumbList\",\"@id\":\"https:\/\/www.auris-conseils.com\/auris22a\/interlocuteur\/#breadcrumb\",\"itemListElement\":[{\"@type\":\"ListItem\",\"position\":1,\"name\":\"Accueil\",\"item\":\"https:\/\/www.auris-conseils.com\/auris22a\/\"},{\"@type\":\"ListItem\",\"position\":2,\"name\":\"INTERLOCUTEUR\"}]},{\"@type\":\"WebSite\",\"@id\":\"https:\/\/www.auris-conseils.com\/auris22a\/#website\",\"url\":\"https:\/\/www.auris-conseils.com\/auris22a\/\",\"name\":\"AURIS\",\"description\":\"Planification Patrimoniale\",\"potentialAction\":[{\"@type\":\"SearchAction\",\"target\":{\"@type\":\"EntryPoint\",\"urlTemplate\":\"https:\/\/www.auris-conseils.com\/auris22a\/?s={search_term_string}\"},\"query-input\":\"required name=search_term_string\"}],\"inLanguage\":\"fr-FR\"}]}<\/script>\n<!-- \/ Yoast SEO plugin. -->","yoast_head_json":{"title":"INTERLOCUTEUR - AURIS","robots":{"index":"index","follow":"follow","max-snippet":"max-snippet:-1","max-image-preview":"max-image-preview:large","max-video-preview":"max-video-preview:-1"},"canonical":"https:\/\/www.auris-conseils.com\/auris22a\/interlocuteur\/","og_locale":"fr_FR","og_type":"article","og_title":"INTERLOCUTEUR - AURIS","og_url":"https:\/\/www.auris-conseils.com\/auris22a\/interlocuteur\/","og_site_name":"AURIS","article_modified_time":"2024-01-09T09:32:12+00:00","og_image":[{"url":"http:\/\/www.auris-conseils.com\/auris22a\/wp-content\/uploads\/2014\/12\/hr.png"}],"twitter_card":"summary_large_image","twitter_misc":{"Dur\u00e9e de lecture estim\u00e9e":"2 minutes"},"schema":{"@context":"https:\/\/schema.org","@graph":[{"@type":"WebPage","@id":"https:\/\/www.auris-conseils.com\/auris22a\/interlocuteur\/","url":"https:\/\/www.auris-conseils.com\/auris22a\/interlocuteur\/","name":"INTERLOCUTEUR - AURIS","isPartOf":{"@id":"https:\/\/www.auris-conseils.com\/auris22a\/#website"},"datePublished":"2014-12-21T08:24:41+00:00","dateModified":"2024-01-09T09:32:12+00:00","breadcrumb":{"@id":"https:\/\/www.auris-conseils.com\/auris22a\/interlocuteur\/#breadcrumb"},"inLanguage":"fr-FR","potentialAction":[{"@type":"ReadAction","target":["https:\/\/www.auris-conseils.com\/auris22a\/interlocuteur\/"]}]},{"@type":"BreadcrumbList","@id":"https:\/\/www.auris-conseils.com\/auris22a\/interlocuteur\/#breadcrumb","itemListElement":[{"@type":"ListItem","position":1,"name":"Accueil","item":"https:\/\/www.auris-conseils.com\/auris22a\/"},{"@type":"ListItem","position":2,"name":"INTERLOCUTEUR"}]},{"@type":"WebSite","@id":"https:\/\/www.auris-conseils.com\/auris22a\/#website","url":"https:\/\/www.auris-conseils.com\/auris22a\/","name":"AURIS","description":"Planification Patrimoniale","potentialAction":[{"@type":"SearchAction","target":{"@type":"EntryPoint","urlTemplate":"https:\/\/www.auris-conseils.com\/auris22a\/?s={search_term_string}"},"query-input":"required name=search_term_string"}],"inLanguage":"fr-FR"}]}},"_links":{"self":[{"href":"https:\/\/www.auris-conseils.com\/auris22a\/wp-json\/wp\/v2\/pages\/17"}],"collection":[{"href":"https:\/\/www.auris-conseils.com\/auris22a\/wp-json\/wp\/v2\/pages"}],"about":[{"href":"https:\/\/www.auris-conseils.com\/auris22a\/wp-json\/wp\/v2\/types\/page"}],"author":[{"embeddable":true,"href":"https:\/\/www.auris-conseils.com\/auris22a\/wp-json\/wp\/v2\/users\/1"}],"replies":[{"embeddable":true,"href":"https:\/\/www.auris-conseils.com\/auris22a\/wp-json\/wp\/v2\/comments?post=17"}],"version-history":[{"count":26,"href":"https:\/\/www.auris-conseils.com\/auris22a\/wp-json\/wp\/v2\/pages\/17\/revisions"}],"predecessor-version":[{"id":2205,"href":"https:\/\/www.auris-conseils.com\/auris22a\/wp-json\/wp\/v2\/pages\/17\/revisions\/2205"}],"wp:attachment":[{"href":"https:\/\/www.auris-conseils.com\/auris22a\/wp-json\/wp\/v2\/media?parent=17"}],"curies":[{"name":"wp","href":"https:\/\/api.w.org\/{rel}","templated":true}]}}