{"id":1380,"date":"2017-08-29T15:40:43","date_gmt":"2017-08-29T13:40:43","guid":{"rendered":"http:\/\/www.auris-conseils.com\/auris22a\/?page_id=1380"},"modified":"2023-03-30T18:37:00","modified_gmt":"2023-03-30T16:37:00","slug":"planifier","status":"publish","type":"page","link":"https:\/\/www.auris-conseils.com\/auris22a\/planifier\/","title":{"rendered":"PLANIFIER"},"content":{"rendered":"<p><div class=\"fusion-fullwidth fullwidth-box fusion-builder-row-1 fusion-flex-container has-pattern-background has-mask-background fusion-parallax-none nonhundred-percent-fullwidth non-hundred-percent-height-scrolling\" style=\"background-color: rgba(255,255,255,0);background-image: url(&quot;http:\/\/www.auris-conseils.com\/auris22a\/wp-content\/uploads\/layerslider\/AURISv3\/accompagner.jpg&quot;);background-position: center center;background-repeat: no-repeat;border-width: 0px 0px 0px 0px;border-color:#eae9e9;border-style:solid;-webkit-background-size:cover;-moz-background-size:cover;-o-background-size:cover;background-size:cover;\" ><div class=\"fusion-builder-row fusion-row fusion-flex-align-items-flex-start\" style=\"max-width:1144px;margin-left: calc(-4% \/ 2 );margin-right: calc(-4% \/ 2 );\"><div class=\"fusion-layout-column fusion_builder_column fusion-builder-column-0 fusion_builder_column_1_1 1_1 fusion-flex-column\"><div class=\"fusion-column-wrapper fusion-flex-justify-content-flex-start fusion-content-layout-column\" style=\"background-position:left top;background-repeat:no-repeat;-webkit-background-size:cover;-moz-background-size:cover;-o-background-size:cover;background-size:cover;padding: 0px 0px 0px 0px;\"><style type=\"text\/css\">@media only screen and (max-width:1024px) {.fusion-title.fusion-title-1{margin-top:0px!important; margin-right:0px!important;margin-bottom:31px!important;margin-left:0px!important;}}@media only screen and (max-width:640px) {.fusion-title.fusion-title-1{margin-top:10px!important; margin-right:0px!important;margin-bottom:10px!important; margin-left:0px!important;}}<\/style><div class=\"fusion-title title fusion-title-1 fusion-sep-none fusion-title-center fusion-title-text fusion-title-size-one\" style=\"margin-top:0px;margin-right:0px;margin-bottom:31px;margin-left:0px;\"><h1 class=\"title-heading-center\" style=\"margin:0;color:var(--awb-color6);text-shadow:2px 2px 0px #eddd02;\">JE VEUX PLANIFIER LES CONS\u00c9QUENCES DE DIFF\u00c9RENTS SUJETS CONCERNANT MA VIE<\/h1><\/div><\/div><style type=\"text\/css\">.fusion-body .fusion-builder-column-0{width:100% !important;margin-top : 0px;margin-bottom : 20px;}.fusion-builder-column-0 > .fusion-column-wrapper {padding-top : 0px !important;padding-right : 0px !important;margin-right : 1.92%;padding-bottom : 0px !important;padding-left : 0px !important;margin-left : 1.92%;}@media only screen and (max-width:1024px) {.fusion-body .fusion-builder-column-0{width:100% !important;order : 0;}.fusion-builder-column-0 > .fusion-column-wrapper {margin-right : 1.92%;margin-left : 1.92%;}}@media only screen and (max-width:640px) {.fusion-body .fusion-builder-column-0{width:100% !important;order : 0;}.fusion-builder-column-0 > .fusion-column-wrapper {margin-right : 1.92%;margin-left : 1.92%;}}<\/style><\/div><\/div><style type=\"text\/css\">.fusion-body .fusion-flex-container.fusion-builder-row-1{ padding-top : 32px;margin-top : 0px;padding-right : 0px;padding-bottom : 8px;margin-bottom : 0px;padding-left : 0px;}<\/style><\/div><div class=\"fusion-fullwidth fullwidth-box fusion-builder-row-2 fusion-flex-container has-pattern-background has-mask-background nonhundred-percent-fullwidth non-hundred-percent-height-scrolling\" style=\"background-color: rgba(255,255,255,0);background-image:linear-gradient(180deg, var(--awb-color1) 0%,rgba(48,67,147,0.35) 100%);background-position: center center;background-repeat: no-repeat;border-width: 0px 0px 0px 0px;border-color:#eae9e9;border-style:solid;\" ><div class=\"awb-background-pattern\" style=\"background-image:  url(data:image\/svg+xml;utf8,%3Csvg%20width%3D%22120%22%20height%3D%22120%22%20fill%3D%22none%22%20xmlns%3D%22http%3A%2F%2Fwww.w3.org%2F2000%2Fsvg%22%3E%3Cpath%20fill-rule%3D%22evenodd%22%20clip-rule%3D%22evenodd%22%20d%3D%22M1.488%2030c0%2015.747%2012.765%2028.512%2028.512%2028.512S58.512%2045.747%2058.512%2030%2045.747%201.488%2030%201.488%201.488%2014.253%201.488%2030zM30%2060C13.431%2060%200%2046.569%200%2030%200%2013.431%2013.431%200%2030%200c16.569%200%2030%2013.431%2030%2030%200%2016.569-13.431%2030-30%2030z%22%20fill%3D%22rgba%280%2C0%2C0%2C0.3%29%22%2F%3E%3Cpath%20fill-rule%3D%22evenodd%22%20clip-rule%3D%22evenodd%22%20d%3D%22M11.47%2030c0%2010.234%208.296%2018.53%2018.53%2018.53%2010.234%200%2018.53-8.296%2018.53-18.53%200-10.234-8.296-18.53-18.53-18.53-10.234%200-18.53%208.296-18.53%2018.53zM30%2050c-11.046%200-20-8.954-20-20s8.954-20%2020-20%2020%208.954%2020%2020-8.954%2020-20%2020zM1.488%2090c0%2015.747%2012.765%2028.512%2028.512%2028.512S58.512%20105.747%2058.512%2090%2045.747%2061.488%2030%2061.488%201.488%2074.253%201.488%2090zM30%20120c-16.569%200-30-13.431-30-30%200-16.569%2013.431-30%2030-30%2016.569%200%2030%2013.431%2030%2030%200%2016.569-13.431%2030-30%2030z%22%20fill%3D%22rgba%280%2C0%2C0%2C0.3%29%22%2F%3E%3Cpath%20fill-rule%3D%22evenodd%22%20clip-rule%3D%22evenodd%22%20d%3D%22M11.47%2090c0%2010.234%208.296%2018.531%2018.53%2018.531%2010.234%200%2018.53-8.297%2018.53-18.531%200-10.234-8.296-18.53-18.53-18.53-10.234%200-18.53%208.296-18.53%2018.53zM30%20110c-11.046%200-20-8.954-20-20s8.954-20%2020-20%2020%208.954%2020%2020-8.954%2020-20%2020zM61.488%2030c0%2015.747%2012.765%2028.512%2028.512%2028.512S118.512%2045.747%20118.512%2030%20105.747%201.488%2090%201.488%2061.488%2014.253%2061.488%2030zM90%2060c-16.569%200-30-13.431-30-30C60%2013.431%2073.431%200%2090%200c16.569%200%2030%2013.431%2030%2030%200%2016.569-13.431%2030-30%2030z%22%20fill%3D%22rgba%280%2C0%2C0%2C0.3%29%22%2F%3E%3Cpath%20fill-rule%3D%22evenodd%22%20clip-rule%3D%22evenodd%22%20d%3D%22M71.47%2030c0%2010.234%208.296%2018.53%2018.53%2018.53%2010.234%200%2018.531-8.296%2018.531-18.53%200-10.234-8.297-18.53-18.531-18.53-10.234%200-18.53%208.296-18.53%2018.53zM90%2050c-11.046%200-20-8.954-20-20s8.954-20%2020-20%2020%208.954%2020%2020-8.954%2020-20%2020zM61.488%2090c0%2015.747%2012.765%2028.512%2028.512%2028.512S118.512%20105.747%20118.512%2090%20105.747%2061.488%2090%2061.488%2061.488%2074.253%2061.488%2090zM90%20120c-16.569%200-30-13.431-30-30%200-16.569%2013.431-30%2030-30%2016.569%200%2030%2013.431%2030%2030%200%2016.569-13.431%2030-30%2030z%22%20fill%3D%22rgba%280%2C0%2C0%2C0.3%29%22%2F%3E%3Cpath%20fill-rule%3D%22evenodd%22%20clip-rule%3D%22evenodd%22%20d%3D%22M71.47%2090c0%2010.234%208.296%2018.531%2018.53%2018.531%2010.234%200%2018.531-8.297%2018.531-18.531%200-10.234-8.297-18.53-18.531-18.53-10.234%200-18.53%208.296-18.53%2018.53zM90%20110c-11.046%200-20-8.954-20-20s8.954-20%2020-20%2020%208.954%2020%2020-8.954%2020-20%2020z%22%20fill%3D%22rgba%280%2C0%2C0%2C0.3%29%22%2F%3E%3C%2Fsvg%3E);opacity: 0.21 ;background-size:200%;mix-blend-mode:normal;\"><\/div><div class=\"fusion-builder-row fusion-row fusion-flex-align-items-flex-start\" style=\"max-width:1144px;margin-left: calc(-4% \/ 2 );margin-right: calc(-4% \/ 2 );\"><div class=\"fusion-layout-column fusion_builder_column fusion-builder-column-1 fusion_builder_column_1_1 1_1 fusion-flex-column\"><div class=\"fusion-column-wrapper fusion-flex-justify-content-flex-start fusion-content-layout-column\" style=\"background-position:left top;background-repeat:no-repeat;-webkit-background-size:cover;-moz-background-size:cover;-o-background-size:cover;background-size:cover;padding: 0px 0px 0px 0px;\"><style type=\"text\/css\">#accordion-1380-1 .fusion-panel:hover{ border-color: #e0dede } #accordion-1380-1 .fusion-panel { border-color:#e0dede; }.fusion-accordian  #accordion-1380-1 .panel-title a .fa-fusion-box{ color: var(--awb-color1);}.fusion-accordian  #accordion-1380-1 .panel-title a .fa-fusion-box:before{ font-size: 17px; width: 17px;}.fusion-accordian  #accordion-1380-1 .panel-title a{color:#333333;font-family:\"Antic Slab\";font-weight:400;}.fusion-accordian  #accordion-1380-1 .toggle-content{font-size:13px;color:#747474;font-family:\"PT Sans\";font-weight:400;}.fusion-accordian  #accordion-1380-1 .fa-fusion-box { background-color: #333333;border-color: #333333;}.fusion-accordian  #accordion-1380-1 .panel-title a:not(.active):hover, #accordion-1380-1 .fusion-toggle-boxed-mode:hover .panel-title a { color: var(--awb-color6);}.fusion-accordian  #accordion-1380-1 .panel-title .active .fa-fusion-box,.fusion-accordian  #accordion-1380-1 .panel-title a:not(.active):hover .fa-fusion-box { background-color: var(--awb-color6)!important;border-color: var(--awb-color6)!important;}<\/style><div class=\"accordian fusion-accordian\"><div class=\"panel-group\" id=\"accordion-1380-1\"><style type=\"text\/css\">.fusion-accordian  #accordion-1380-1 .panel-826777d64a0e7ee0b .panel-title a{font-size:var(--awb-typography2-font-size);color:#333333;font-family:-apple-system, BlinkMacSystemFont, 'Segoe UI', Roboto, Oxygen-Sans, Ubuntu, Cantarell, 'Helvetica Neue' ,sans-serif;font-weight:400;}.fusion-accordian  #accordion-1380-1 .panel-826777d64a0e7ee0b .toggle-content{color:#747474;}<\/style><div class=\"fusion-panel panel-default panel-826777d64a0e7ee0b\"><div class=\"panel-heading\"><h4 class=\"panel-title toggle\" id=\"toggle_826777d64a0e7ee0b\"><a aria-expanded=\"false\" aria-controls=\"826777d64a0e7ee0b\" role=\"button\" data-toggle=\"collapse\" data-parent=\"#accordion-1380-1\" data-target=\"#826777d64a0e7ee0b\" href=\"#826777d64a0e7ee0b\"><span class=\"fusion-toggle-icon-wrapper\" aria-hidden=\"true\"><i class=\"fa-fusion-box active-icon awb-icon-minus\" aria-hidden=\"true\"><\/i><i class=\"fa-fusion-box inactive-icon awb-icon-plus\" aria-hidden=\"true\"><\/i><\/span><span class=\"fusion-toggle-heading\">La vie de mon couple et de ma famille<\/span><\/a><\/h4><\/div><div id=\"826777d64a0e7ee0b\" class=\"panel-collapse collapse \" araia-labelledby=\"toggle_826777d64a0e7ee0b\"><div class=\"panel-body toggle-content fusion-clearfix\">\n<h2><a href=\"http:\/\/www.auris-conseils.com\/auris22a\/la-vie-de-mon-couple-et-de-ma-famille\/\">FINANCER LA SCOLARIT\u00c9 DE MES ENFANTS<\/a><br \/>\n<a href=\"http:\/\/www.auris-conseils.com\/auris22a\/la-vie-de-mon-couple-et-de-ma-famille\/#lc1\">LA VIE DE MON COUPLE<\/a><br \/>\n<a href=\"http:\/\/www.auris-conseils.com\/auris22a\/la-vie-de-mon-couple-et-de-ma-famille\/#lc2\">ACHETER ENSEMBLE OU SEPAREMENT UN BIEN IMMOBILIER<\/a><br \/>\n<a href=\"http:\/\/www.auris-conseils.com\/auris22a\/la-vie-de-mon-couple-et-de-ma-famille\/#lc3\">NOUVEAUX PROJETS DE VIE PERSONNELLE<\/a><\/h2>\n<\/div><\/div><\/div><style type=\"text\/css\">.fusion-accordian  #accordion-1380-1 .panel-96f364e36ab555839 .panel-title a{font-size:var(--awb-typography2-font-size);color:#333333;font-family:-apple-system, BlinkMacSystemFont, 'Segoe UI', Roboto, Oxygen-Sans, Ubuntu, Cantarell, 'Helvetica Neue' ,sans-serif;font-weight:400;}.fusion-accordian  #accordion-1380-1 .panel-96f364e36ab555839 .toggle-content{color:#747474;}<\/style><div class=\"fusion-panel panel-default panel-96f364e36ab555839\"><div class=\"panel-heading\"><h4 class=\"panel-title toggle\" id=\"toggle_96f364e36ab555839\"><a aria-expanded=\"false\" aria-controls=\"96f364e36ab555839\" role=\"button\" data-toggle=\"collapse\" data-parent=\"#accordion-1380-1\" data-target=\"#96f364e36ab555839\" href=\"#96f364e36ab555839\"><span class=\"fusion-toggle-icon-wrapper\" aria-hidden=\"true\"><i class=\"fa-fusion-box active-icon awb-icon-minus\" aria-hidden=\"true\"><\/i><i class=\"fa-fusion-box inactive-icon awb-icon-plus\" aria-hidden=\"true\"><\/i><\/span><span class=\"fusion-toggle-heading\">Ma vie professionnelle<\/span><\/a><\/h4><\/div><div id=\"96f364e36ab555839\" class=\"panel-collapse collapse \" araia-labelledby=\"toggle_96f364e36ab555839\"><div class=\"panel-body toggle-content fusion-clearfix\">\n<h2 class=\"fusion-responsive-typography-calculated\" data-fontsize=\"18\" data-lineheight=\"27px\"><a href=\"http:\/\/www.auris-conseils.com\/auris22a\/ma-vie-professionnelle\/\">RETRAITE ET ARR\u00caT D\u2019ACTIVIT\u00c9<\/a> <a href=\"http:\/\/www.auris-conseils.com\/auris22a\/ma-vie-professionnelle\/\">PROFESSIONNELLE<\/a><br \/>\n<a href=\"http:\/\/www.auris-conseils.com\/auris22a\/ma-vie-professionnelle\/#mp1\">CESSION DE VOTRE ENTREPRISE<\/a><br \/>\n<a href=\"http:\/\/www.auris-conseils.com\/auris22a\/ma-vie-professionnelle\/#mp2\">CR\u00c9ATION DE VOTRE ENTREPRISE<\/a><br \/>\n<a href=\"http:\/\/www.auris-conseils.com\/auris22a\/ma-vie-professionnelle\/#mp3\">NOUVEAUX PROJETS DE VOTRE VIE PROFESSIONNELLE<\/a><\/h2>\n<\/div><\/div><\/div><style type=\"text\/css\">.fusion-accordian  #accordion-1380-1 .panel-500e48c5c4265465b .panel-title a{font-size:var(--awb-typography2-font-size);color:#333333;font-family:-apple-system, BlinkMacSystemFont, 'Segoe UI', Roboto, Oxygen-Sans, Ubuntu, Cantarell, 'Helvetica Neue' ,sans-serif;font-weight:400;}.fusion-accordian  #accordion-1380-1 .panel-500e48c5c4265465b .toggle-content{color:#747474;}<\/style><div class=\"fusion-panel panel-default panel-500e48c5c4265465b\"><div class=\"panel-heading\"><h4 class=\"panel-title toggle\" id=\"toggle_500e48c5c4265465b\"><a aria-expanded=\"false\" aria-controls=\"500e48c5c4265465b\" role=\"button\" data-toggle=\"collapse\" data-parent=\"#accordion-1380-1\" data-target=\"#500e48c5c4265465b\" href=\"#500e48c5c4265465b\"><span class=\"fusion-toggle-icon-wrapper\" aria-hidden=\"true\"><i class=\"fa-fusion-box active-icon awb-icon-minus\" aria-hidden=\"true\"><\/i><i class=\"fa-fusion-box inactive-icon awb-icon-plus\" aria-hidden=\"true\"><\/i><\/span><span class=\"fusion-toggle-heading\">La protection de ma famille<\/span><\/a><\/h4><\/div><div id=\"500e48c5c4265465b\" class=\"panel-collapse collapse \" araia-labelledby=\"toggle_500e48c5c4265465b\"><div class=\"panel-body toggle-content fusion-clearfix\">\n<h2><a href=\"http:\/\/www.auris-conseils.com\/auris22a\/la-protection-de-ma-famille\/\">D\u00c9C\u00c8S<\/a><br \/>\n<a href=\"http:\/\/www.auris-conseils.com\/auris22a\/la-protection-de-ma-famille\/#lv1\">INVALIDIT\u00c9<\/a><br \/>\n<a href=\"http:\/\/www.auris-conseils.com\/auris22a\/la-protection-de-ma-famille\/#lv2\">ARR\u00caT DE TRAVAIL<\/a><\/h2>\n<\/div><\/div><\/div><style type=\"text\/css\">.fusion-accordian  #accordion-1380-1 .panel-89850ca1d0b146bbe .panel-title a{font-size:var(--awb-typography2-font-size);font-family:-apple-system, BlinkMacSystemFont, 'Segoe UI', Roboto, Oxygen-Sans, Ubuntu, Cantarell, 'Helvetica Neue' ,sans-serif;font-weight:400;}.fusion-accordian  #accordion-1380-1 .panel-89850ca1d0b146bbe .toggle-content{}<\/style><div class=\"fusion-panel panel-default panel-89850ca1d0b146bbe\"><div class=\"panel-heading\"><h4 class=\"panel-title toggle\" id=\"toggle_89850ca1d0b146bbe\"><a aria-expanded=\"false\" aria-controls=\"89850ca1d0b146bbe\" role=\"button\" data-toggle=\"collapse\" data-parent=\"#accordion-1380-1\" data-target=\"#89850ca1d0b146bbe\" href=\"#89850ca1d0b146bbe\"><span class=\"fusion-toggle-icon-wrapper\" aria-hidden=\"true\"><i class=\"fa-fusion-box active-icon awb-icon-minus\" aria-hidden=\"true\"><\/i><i class=\"fa-fusion-box inactive-icon awb-icon-plus\" aria-hidden=\"true\"><\/i><\/span><span class=\"fusion-toggle-heading\">La baisse de mes imp\u00f4ts<\/span><\/a><\/h4><\/div><div id=\"89850ca1d0b146bbe\" class=\"panel-collapse collapse \" araia-labelledby=\"toggle_89850ca1d0b146bbe\"><div class=\"panel-body toggle-content fusion-clearfix\">\n<h2>. Vous permettre de minimiser vos imp\u00f4ts :<\/h2>\n<h2>Sur vos revenus<br \/>\nSur votre patrimoine (IFI)<br \/>\nSur votre succession<br \/>\nSur la cession de votre entreprise<\/h2>\n<\/div><\/div><\/div><style type=\"text\/css\">.fusion-accordian  #accordion-1380-1 .panel-d1b5e9ab066df99c6 .panel-title a{font-size:var(--awb-typography2-font-size);font-family:-apple-system, BlinkMacSystemFont, 'Segoe UI', Roboto, Oxygen-Sans, Ubuntu, Cantarell, 'Helvetica Neue' ,sans-serif;font-weight:400;}.fusion-accordian  #accordion-1380-1 .panel-d1b5e9ab066df99c6 .toggle-content{}<\/style><div class=\"fusion-panel panel-default panel-d1b5e9ab066df99c6\"><div class=\"panel-heading\"><h4 class=\"panel-title toggle\" id=\"toggle_d1b5e9ab066df99c6\"><a aria-expanded=\"false\" aria-controls=\"d1b5e9ab066df99c6\" role=\"button\" data-toggle=\"collapse\" data-parent=\"#accordion-1380-1\" data-target=\"#d1b5e9ab066df99c6\" href=\"#d1b5e9ab066df99c6\"><span class=\"fusion-toggle-icon-wrapper\" aria-hidden=\"true\"><i class=\"fa-fusion-box active-icon awb-icon-minus\" aria-hidden=\"true\"><\/i><i class=\"fa-fusion-box inactive-icon awb-icon-plus\" aria-hidden=\"true\"><\/i><\/span><span class=\"fusion-toggle-heading\">le placement de mon argent<\/span><\/a><\/h4><\/div><div id=\"d1b5e9ab066df99c6\" class=\"panel-collapse collapse \" araia-labelledby=\"toggle_d1b5e9ab066df99c6\"><div class=\"panel-body toggle-content fusion-clearfix\">\n<h2>PLACEMENT D\u2019UN CAPITAL FINANCIER<br \/>\n. Vous mettre en relation avec des professionnels qui vous conseilleront sur la mani\u00e8re de placer votre argent<\/h2>\n<h2>ACQUISITION D\u2019UN BIEN IMMOBILIER<br \/>\n. D\u00e9finir les solutions les plus adapt\u00e9es pour acqu\u00e9rir votre bien immobilier<\/h2>\n<\/div><\/div><\/div><\/div><\/div><\/div><style type=\"text\/css\">.fusion-body .fusion-builder-column-1{width:100% !important;margin-top : 0px;margin-bottom : 20px;}.fusion-builder-column-1 > .fusion-column-wrapper {padding-top : 0px !important;padding-right : 0px !important;margin-right : 1.92%;padding-bottom : 0px !important;padding-left : 0px !important;margin-left : 1.92%;}@media only screen and (max-width:1024px) {.fusion-body .fusion-builder-column-1{width:100% !important;order : 0;}.fusion-builder-column-1 > .fusion-column-wrapper {margin-right : 1.92%;margin-left : 1.92%;}}@media only screen and (max-width:640px) {.fusion-body .fusion-builder-column-1{width:100% !important;order : 0;}.fusion-builder-column-1 > .fusion-column-wrapper {margin-right : 1.92%;margin-left : 1.92%;}}<\/style><\/div><\/div><style type=\"text\/css\">.fusion-body .fusion-flex-container.fusion-builder-row-2{ padding-top : 20px;margin-top : 50px;padding-right : 0px;padding-bottom : 0px;margin-bottom : 0px;padding-left : 30px;}<\/style><\/div><\/p>\n","protected":false},"excerpt":{"rendered":"","protected":false},"author":1,"featured_media":0,"parent":0,"menu_order":0,"comment_status":"closed","ping_status":"closed","template":"","meta":[],"yoast_head":"<!-- This site is optimized with the Yoast SEO plugin v19.11 - https:\/\/yoast.com\/wordpress\/plugins\/seo\/ -->\n<title>PLANIFIER - AURIS<\/title>\n<meta name=\"robots\" content=\"index, follow, max-snippet:-1, max-image-preview:large, max-video-preview:-1\" \/>\n<link rel=\"canonical\" href=\"https:\/\/www.auris-conseils.com\/auris22a\/planifier\/\" \/>\n<meta property=\"og:locale\" content=\"fr_FR\" \/>\n<meta property=\"og:type\" content=\"article\" \/>\n<meta property=\"og:title\" content=\"PLANIFIER - AURIS\" \/>\n<meta property=\"og:url\" content=\"https:\/\/www.auris-conseils.com\/auris22a\/planifier\/\" \/>\n<meta property=\"og:site_name\" content=\"AURIS\" \/>\n<meta property=\"article:modified_time\" content=\"2023-03-30T16:37:00+00:00\" \/>\n<meta name=\"twitter:card\" content=\"summary_large_image\" \/>\n<meta name=\"twitter:label1\" content=\"Dur\u00e9e de lecture estim\u00e9e\" \/>\n\t<meta name=\"twitter:data1\" content=\"4 minutes\" \/>\n<script type=\"application\/ld+json\" class=\"yoast-schema-graph\">{\"@context\":\"https:\/\/schema.org\",\"@graph\":[{\"@type\":\"WebPage\",\"@id\":\"https:\/\/www.auris-conseils.com\/auris22a\/planifier\/\",\"url\":\"https:\/\/www.auris-conseils.com\/auris22a\/planifier\/\",\"name\":\"PLANIFIER - AURIS\",\"isPartOf\":{\"@id\":\"https:\/\/www.auris-conseils.com\/auris22a\/#website\"},\"datePublished\":\"2017-08-29T13:40:43+00:00\",\"dateModified\":\"2023-03-30T16:37:00+00:00\",\"breadcrumb\":{\"@id\":\"https:\/\/www.auris-conseils.com\/auris22a\/planifier\/#breadcrumb\"},\"inLanguage\":\"fr-FR\",\"potentialAction\":[{\"@type\":\"ReadAction\",\"target\":[\"https:\/\/www.auris-conseils.com\/auris22a\/planifier\/\"]}]},{\"@type\":\"BreadcrumbList\",\"@id\":\"https:\/\/www.auris-conseils.com\/auris22a\/planifier\/#breadcrumb\",\"itemListElement\":[{\"@type\":\"ListItem\",\"position\":1,\"name\":\"Accueil\",\"item\":\"https:\/\/www.auris-conseils.com\/auris22a\/\"},{\"@type\":\"ListItem\",\"position\":2,\"name\":\"PLANIFIER\"}]},{\"@type\":\"WebSite\",\"@id\":\"https:\/\/www.auris-conseils.com\/auris22a\/#website\",\"url\":\"https:\/\/www.auris-conseils.com\/auris22a\/\",\"name\":\"AURIS\",\"description\":\"Planification Patrimoniale\",\"potentialAction\":[{\"@type\":\"SearchAction\",\"target\":{\"@type\":\"EntryPoint\",\"urlTemplate\":\"https:\/\/www.auris-conseils.com\/auris22a\/?s={search_term_string}\"},\"query-input\":\"required name=search_term_string\"}],\"inLanguage\":\"fr-FR\"}]}<\/script>\n<!-- \/ Yoast SEO plugin. -->","yoast_head_json":{"title":"PLANIFIER - AURIS","robots":{"index":"index","follow":"follow","max-snippet":"max-snippet:-1","max-image-preview":"max-image-preview:large","max-video-preview":"max-video-preview:-1"},"canonical":"https:\/\/www.auris-conseils.com\/auris22a\/planifier\/","og_locale":"fr_FR","og_type":"article","og_title":"PLANIFIER - AURIS","og_url":"https:\/\/www.auris-conseils.com\/auris22a\/planifier\/","og_site_name":"AURIS","article_modified_time":"2023-03-30T16:37:00+00:00","twitter_card":"summary_large_image","twitter_misc":{"Dur\u00e9e de lecture estim\u00e9e":"4 minutes"},"schema":{"@context":"https:\/\/schema.org","@graph":[{"@type":"WebPage","@id":"https:\/\/www.auris-conseils.com\/auris22a\/planifier\/","url":"https:\/\/www.auris-conseils.com\/auris22a\/planifier\/","name":"PLANIFIER - AURIS","isPartOf":{"@id":"https:\/\/www.auris-conseils.com\/auris22a\/#website"},"datePublished":"2017-08-29T13:40:43+00:00","dateModified":"2023-03-30T16:37:00+00:00","breadcrumb":{"@id":"https:\/\/www.auris-conseils.com\/auris22a\/planifier\/#breadcrumb"},"inLanguage":"fr-FR","potentialAction":[{"@type":"ReadAction","target":["https:\/\/www.auris-conseils.com\/auris22a\/planifier\/"]}]},{"@type":"BreadcrumbList","@id":"https:\/\/www.auris-conseils.com\/auris22a\/planifier\/#breadcrumb","itemListElement":[{"@type":"ListItem","position":1,"name":"Accueil","item":"https:\/\/www.auris-conseils.com\/auris22a\/"},{"@type":"ListItem","position":2,"name":"PLANIFIER"}]},{"@type":"WebSite","@id":"https:\/\/www.auris-conseils.com\/auris22a\/#website","url":"https:\/\/www.auris-conseils.com\/auris22a\/","name":"AURIS","description":"Planification Patrimoniale","potentialAction":[{"@type":"SearchAction","target":{"@type":"EntryPoint","urlTemplate":"https:\/\/www.auris-conseils.com\/auris22a\/?s={search_term_string}"},"query-input":"required name=search_term_string"}],"inLanguage":"fr-FR"}]}},"_links":{"self":[{"href":"https:\/\/www.auris-conseils.com\/auris22a\/wp-json\/wp\/v2\/pages\/1380"}],"collection":[{"href":"https:\/\/www.auris-conseils.com\/auris22a\/wp-json\/wp\/v2\/pages"}],"about":[{"href":"https:\/\/www.auris-conseils.com\/auris22a\/wp-json\/wp\/v2\/types\/page"}],"author":[{"embeddable":true,"href":"https:\/\/www.auris-conseils.com\/auris22a\/wp-json\/wp\/v2\/users\/1"}],"replies":[{"embeddable":true,"href":"https:\/\/www.auris-conseils.com\/auris22a\/wp-json\/wp\/v2\/comments?post=1380"}],"version-history":[{"count":41,"href":"https:\/\/www.auris-conseils.com\/auris22a\/wp-json\/wp\/v2\/pages\/1380\/revisions"}],"predecessor-version":[{"id":2200,"href":"https:\/\/www.auris-conseils.com\/auris22a\/wp-json\/wp\/v2\/pages\/1380\/revisions\/2200"}],"wp:attachment":[{"href":"https:\/\/www.auris-conseils.com\/auris22a\/wp-json\/wp\/v2\/media?parent=1380"}],"curies":[{"name":"wp","href":"https:\/\/api.w.org\/{rel}","templated":true}]}}